 - -12)))?
52
Evaluate (147 - (141 + 23)) + (1 - -31).
15
Evaluate -21 - 1 - (-237 - (-304 + 109)).
20
Evaluate -1 + (0 - 33) + (-15 - -10) + 137 + -126.
-28
Calculate (-16 - (-30 + -11 + 15)) + 148 + (-10 - 4).
144
What is the value of 68 + 10 + (79 - 172)?
-15
What is 17 + (6 + -32 - -17) + 14?
22
What is (26 - -5) + -28 + -10 - 54?
-61
2 - (1 - ((50 - 51) + (16 - 1)))
15
Evaluate -16 - -16 - ((-22 - -18) + 8).
-4
Evaluate -28 + 12 + (4 - 12) + -49.
-73
What is the value of 17 + 97 + -40 + -28?
46
What is 37 - 7 - (-76 - -60) - 58?
-12
Calculate 37262 + -37248 - (-1 - -1 - (-5 + 5) - -55).
-41
11 + -50 + 59 + 0 + -27 + 86
79
-196 - -234 - (43 + 22)
-27
4 - (-2 - -2 - -6) - (-258 - -254)
2
What is the value of 63 + -17 - (8 + 0) - -2?
40
What is the value of 25 + (27 - (16 + 24)) + -60?
-48
Evaluate -50 + 10 + 55 - 20.
-5
Calculate 9 + 0 + 6 + -13 + (4 - 9).
-3
Calculate 121 + (-88 - -69) - 32.
70
What is 27 + (-91 - -8 - 31) + 28?
-59
What is -8 + 16 + -11 - (2 + 4 - -5)?
-14
Evaluate (-13 - 14) + -12 + 18 + 75.
54
Evaluate 223 + -284 + (42 - 1).
-20
What is the value of (0 - (-1 + 31)) + 69 + (-221 - -152)?
-30
3 - (-59 + -1) - (58 - (38 + 24))
67
-1 + 0 - (-24 + 40) - (-13 + 22 - 8)
-18
What is the value of 2 + -1 + (-135 - -58) + -10?
-86
1 + -22 + (-89 - -111) + -23
-22
What is the value of -60 + (-27 - -78 - 2)?
-11
Calculate 28 + -6 + (8 - (6 - -50)).
-26
What is 70 + -1 - (-16 + 44 + (-42 - -11))?
72
What is the value of (-18 - (55 + -20)) + 23?
-30
Evaluate (-543 + 151 - -149) + 145.
-98
What is the value of 2311 + -2323 + (6 + (0 - -148) - -1)?
143
What is 14 - 6 - ((49 - (-28 - -14)) + 0)?
-55
-94 + -53 - -260 - (1 - (-2 - 12))
98
Calculate (-26 + 6 + 11 - (-13 + 2)) + 50.
52
Evaluate -160 + (111 - 82) + 124.
-7
(-16 - -2 - -2) + (19 - (61 + -30))
-24
Calculate (-8 - 1) + (12 - -21) + -14.
10
Calculate -16 - (40 - (-48 - -108) - (-3 + 16 - -1)).
18
7 - (10 - (-8 + (-19 - (-8 - -5))))
-27
What is the value of -170 + (66 - -66) - -89?
51
Calculate 25 - -10 - 77 - -182 - 12.
128
What is the value of 19 + 4 + -12 + (3 - 11)?
3
Evaluate (22 + -3 + -4 - 1) + (121 - 186).
-51
What is 63 + 26 + -99 + -2 + -1?
-13
Evaluate (39 - 1) + -156 + 135 + (-2 - (-22 - -2)).
35
-75 - -4 - (1005 + -1001)
-75
What is 45 + -12 + 12 + -36?
9
Calculate 8 + 1 - (8 - (-8 - 13 - -47 - -7)).
34
Calculate (161 - (64 - -85)) + (2 - 18).
-4
(0 - (6 - -4)) + (-29 - 12) + 9
-42
(-24 - -10 - -9) + -4 + -9
-18
(4 - -1 - (-33 - (-27 - -2))) + (-4 - -14)
23
Calculate (-22 - -1) + (-27 - 6 - -40) - -2 - 26.
-38
Calculate -10 + -21 - (21 + -9 + 24).
-67
What is the value of -22 + (-6 + 68 - 40)?
0
What is the value of 1 + (-11 - ((-36 - -33 - (10 + -3)) + -11))?
11
Evaluate -39 + -13 + -202 + 144.
-110
What is the value of 18 - 2 - (-24 + (-60 - -69))?
31
What is the value of 44 + -83 + (7 - 33)?
-65
What is (0 - 14) + (31 - (-31 - -65) - 2)?
-19
What is 3 + (-56 - -53 - (-15 + -5))?
20
Evaluate -1 + 59 - (15891 + -15751).
-82
Calculate -28 + (3 - -2 - 3 - -8 - 7).
-25
Calculate -1 + 55 + (-13 - (11 + (15 - 26))).
41
Evaluate (1 - 1) + 9 - (-53102 + 53086).
25
What is the value of 0 + (-21 - (42 - 39))?
-24
Evaluate 56 - (-19 + -59 - -81).
53
What is (-17 + (24 - (16 - 23)) - 25) + (0 - -34)?
23
Evaluate 38 - (21 - 25) - 102.
-60
What is -37 - (101 + -159) - (-8 - (4 + -4 + 3))?
32
959 + -1009 - (-7 - (-28 + -3))
-74
What is (-18 - -51) + -33 - (7 + (-12 - -126))?
-121
What is the value of -36 + 66 + 0 + (0 - -10)?
40
Calculate (0 + -5 - (66 + -75)) + (7 - -7).
18
What is the value of -32 + (90 - (-31 + 124))?
-35
What is the value of -108 + 40 + 27 + -55 + -27?
-123
Calculate 10 - (14 + (-2 - (-7 - -13)) + 31).
-27
What is -11 + 3 + 15 + (11 - 4) + -18?
-4
19 + (-15 - -29) + 2 - (2 + 3)
30
What is 2 - (-2 + 41) - (-33175 + 33009)?
129
Calculate 39 - (5 + -30 + 16 + -7) - (3 - 1).
53
(-12 - -124) + -24 + 3
91
Calculate -9 - (8 + -15 + (48 - (-6 - 1) - -2)).
-59
What is 23 + (-28 - (-9 + 16 - 16)) + 28?
32
Calculate -52 - (-52 - -39 - 24).
-15
-42 - (-2 - 0 - 6 - (-17 - -25)) - 14
-40
What is 30 + -56 + 31 + -24?
-19
What is 14 - (14 + -17) - (-47 - (16 - 9))?
71
What is the value of 136 + (24 - (1 + 49 + 220 + -239))?
129
Evaluate -20 - (24 + (3 - 26)) - -10.
-11
(0 - -1) + -60 + 60
1
What is the value of 160 + -89 - 77 - (20 - -2)?
-28
Calculate (-2 - (-33 + 18) - (-27 - 1)) + -3.
38
What is 16 + 9 - (6 - (2 + 1 - (10 - 3)))?
15
Evaluate -42 + -2 + 12 + (-37 - (-10 - 23)).
-36
Calculate (-30 - 23 - -27) + 22.
-4
What is the value of 3 + 2 + 12 + (299 - 278)?
38
Calculate (75 - 20) + -106 + (-1 - (-9 - (1 - 2))).
-44
Evaluate -3 + (0 - (9 + (-24 - -5)) - -6) - -3.
16
2 + 0 + 0 + -37 + (133 - (160 - 33))
-29
What is -26 - (0 + -2 + -12)?
-12
Evaluate 138 - (-124 - (-249 + 18)).
31
(-15 + 15 + -19 - -5) + 28 + 55
69
Calculate -18 - (-6 - 25) - (43 - 39).
9
Evaluate -34 + 19 + (-24 - 15) + 52.
-2
-59 + 106 - -29 - 140
-64
((3 - -6 - 2) + -3 - 42) + 13
-25
(-18 - (-20 + -7)) + -8 - (-4 - -3)
2
Calculate (-1 + -11 + 135 + -121 - 0) + -14.
-12
Evaluate 14 + (14 - -2) + (642 - 644).
28
What is ((19 - 25) + 4 - 13) + 0 - -107?
92
What is the value of (-35 - -38) + -50 - -54 - (-22 + 0 - 0)?
29
-1 + 6 + 1869 + -1893 + (19 - (-2 - -2))
0
What is the value of 1 - (-1 - -6) - 39 - (-23 - (11 + -26))?
-35
Calculate -76 + 1 + -2309 + 2451.
67
Calculate 7 - 101 - (-18 + -1 + (23 - (49 + -37))).
-86
Evaluate -38 + 0 + -12 + 1 + 10 + 2.
-37
What is 3 + (2 - (-1 + 1) - ((76 - 111) + 123))?
-83
Evaluate (41 - -3) + 876 + -953.
-33
Evaluate 101 + (33 - (0 + 14) - 59).
61
What is 13 - (-13 - 6 - -22)?
10
(0 - 1) + 12 - (553 + -71 + -432)
-39
What is the value of 13 - (-2 - -4 - 3 - (61 + -58))?
17
What is the value of -11 - (9 + 16 - 34 - 81)?
79
72 - (-24 + (-39 - -61))
74
140 + -35 - 52 - -1
54
What is 22 - -8 - (0 + 49)?
-19
Evaluate (-4 + 8 - -3) + -51 + -16 + 1 + 2.
-57
Calculate -53 + 13 + -12 - (-98 - -64) - (11 + 1).
-30
What is 13 + -41 + 60 + (0 - -14)?
46
What is the value of (-10 - -11 - (1 - -51)) + 33 + 9 + -32?
-41
387 - 445 - (-34 + -2)
-22
2 - -5 - ((-119 - -117) + (4 - 3) + -1)
9
What is the value of 54 - ((0 - (8 - 21)) + -13 + 4)?
50
(22 + -5 - (31 - -40)) + (-1 - -4)
-51
Evaluate (-20 - -8) + (-2476 - -2354).
-134
Calculate 48 - (11 + 49 + -37).
25
What is (-62 - ((3 - -11 - 13) + -4)) + -14?
-73
What is the value of 19 + -4 + (15 - (75 + -16))?
-29
Evaluate (20 - -1 - 32) + (2 - 6).
-15
What is 1 + 1 - 13 - (51 + 18 - 93)?
13
Calculate (116 + -31 - 98) + (-49 + -1 - -1).
-62
Calculate 11 - 24 - (23 + -22 - 26).
12
What is (-67 - -80) + -6 - -16?
23
-4 + 12 + -5 + -3 + -6 + -12
-18
8 - ((-12 - (4 - -42)) + 18 + -9)
57
What is the value of 94 - 76 - 12 - -2?
8
What is -9 - (105 + -212) - 76?
22
What is 2 - 67 - (-1664 + 1532)?
67
(-23977 - -24029) + (0 - (1 - -14))
37
Calculate -21 + 7 + (-14 - (-28 + 3)) + -3 + -46.
-52
(-8 - 0) + 2 - (-68 + (0 - (5 - 19)))
48
What is the value of 56 + 5 + -5 - (-7 + 8 + 5)?
50
Calculate (13 - (4 - 4)) + (3 - -24).
40
What is the value of 154 + -170 - (-10 + 3 - (0 - 3))?
-12
Calculate -36 - 1 - (683 + -711).
-9
Calculate 71 - (127 - (-9 + 64)).
-1
(-36 - (5 - (1 - -6))) + 129 + -116
-21
What is (-2 - 13 - (18 + -9)) + 16 - -106?
98
What is the value of (-1 + -43 + 23 - (-11 + 109)) + -12?
-131
What is -452 - -457 - (50 - -1)?
-46
(1 + 2 + -2 - 22) + (-133 - -34 - -106)
-14
Evaluate 4 + 16 - (4 + (9 + -21 - 9)).
37
What is the value of -33 + (-1 - -17 - (-68 - (-91 - -22)))?
-18
What is -20 - ((-8 - 36) + 24 - 5)?
5
Calculate -2 - (79 - (-9 - -20 - 2) - -7).
-79
Evaluate 10 + (47 - (9 - -94)).
-46
What is the value of 4 - -60 - 31 - 210 - -45?
-132
What is -82 + 53 + -26 + 21?
-34
What is -1627 - -1616 - (0 + -1 - (62 + 1))?
53
What is the value of (21 - (0 + -16)) + 8 + -3 + (-12 - -8)?
38
(-51 - (43 + -70)) + 9 + 62
47
What is 89 - (-29 + (3 - (-25 + 1)))?
91
What is -7 + 79 + -98 + 28?
2
What is (3 - (-52 + 6 + -9)) + -81 + 96?
73
Calculate -11 - -2 - -1 - (6359 - 6354).
-13
What is the value of -54 + -68 + 123 + -25?
-24
Calculate -24 + (-140 + 121 - (2 - 31)).
-14
What is -23 + (-43 - (46 + 27 + -56))?
-83
What is 118 + -272 + 207 + (21 - 1) + -1 + 6?
78
-10 + 1 + -3 + (20 - (-12 + 31))
-11
Evaluate 23 + -6 - (28 - 59) - 16.
3